1800
Calculate the remainder when 2059481 is divided by 483.
452
Calculate the remainder when 3702183 is divided by 617030.
3
What is the remainder when 31244489 is divided by 554?
551
What is the remainder when 310250 is divided by 1344?
1130
Calculate the remainder when 70290447 is divided by 549144.
15
Calculate the remainder when 14788226 is divided by 164.
18
What is the remainder when 253462721 is divided by 677?
14
Calculate the remainder when 32997719 is divided by 25.
19
Calculate the remainder when 6027186 is divided by 1745.
1701
Calculate the remainder when 6462410 is divided by 147.
143
Calculate the remainder when 3680850 is divided by 613417.
348
Calculate the remainder when 821533 is divided by 127.
97
What is the remainder when 22713689 is divided by 7531?
193
What is the remainder when 199113 is divided by 17967?
1476
Calculate the remainder when 9791228 is divided by 366.
362
What is the remainder when 367074 is divided by 3882?
2166
What is the remainder when 5996851 is divided by 49?
35
Calculate the remainder when 2339455 is divided by 407.
19
Calculate the remainder when 4797535 is divided by 10.
5
What is the remainder when 54580408 is divided by 67?
64
What is the remainder when 5561120 is divided by 190?
10
What is the remainder when 260974 is divided by 8630?
2074
Calculate the remainder when 1093551755 is divided by 737.
736
Calculate the remainder when 38984665 is divided by 5551.
5543
What is the remainder when 2969828 is divided by 989448?
1484
What is the remainder when 122227449 is divided by 3271?
3263
Calculate the remainder when 41206 is divided by 1594.
1356
Calculate the remainder when 7722453 is divided by 772243.
23
What is the remainder when 3793889 is divided by 85?
84
Calculate the remainder when 29319123 is divided by 29.
7
Calculate the remainder when 13041266 is divided by 478.
470
What is the remainder when 13243145 is divided by 226?
223
What is the remainder when 301573631 is divided by 1536?
1535
Calculate the remainder when 260179072 is divided by 2016892.
4
What is the remainder when 179961207 is divided by 158?
155
What is the remainder when 26493722 is divided by 1892?
46
Calculate the remainder when 50994812 is divided by 85.
82
What is the remainder when 109773 is divided by 54883?
7
Calculate the remainder when 229753006 is divided by 453.
13
Calculate the remainder when 227649 is divided by 4465.
4399
What is the remainder when 2428540 is divided by 14899?
3
Calculate the remainder when 410662 is divided by 410570.
92
Calculate the remainder when 197451079 is divided by 312.
7
Calculate the remainder when 879594 is divided by 2209.
412
Calculate the remainder when 1695150 is divided by 19711.
4
Calculate the remainder when 23156572 is divided by 4208.
4156
What is the remainder when 2498858 is divided by 11462?
142
What is the remainder when 22675067 is divided by 1521?
1520
Calculate the remainder when 3317252 is divided by 9189.
23
What is the remainder when 1351718 is divided by 23?
8
Calculate the remainder when 5707445 is divided by 3958.
9
What is the remainder when 373330 is divided by 891?
1
Calculate the remainder when 101171679 is divided by 80.
79
What is the remainder when 548808 is divided by 3865?
3843
Calculate the remainder when 24773042 is divided by 703.
25
Calculate the remainder when 129706 is divided by 2391.
592
What is the remainder when 3159207 is divided by 47?
8
What is the remainder when 192788 is divided by 11334?
110
Calculate the remainder when 803162 is divided by 3795.
2417
What is the remainder when 16879 is divided by 8399?
81
What is the remainder when 165338 is divided by 934?
20
Calculate the remainder when 229652 is divided by 6196.
400
What is the remainder when 4577221 is divided by 284?
277
What is the remainder when 1810679 is divided by 1810675?
4
What is the remainder when 182535 is divided by 91226?
83
Calculate the remainder when 162376 is divided by 5796.
88
Calculate the remainder when 58717501 is divided by 117.
115
Calculate the remainder when 8822230 is divided by 684.
682
What is the remainder when 1252924 is divided by 104407?
40
What is the remainder when 109501 is divided by 1922?
1869
Calculate the remainder when 112470 is divided by 28114.
14
Calculate the remainder when 5039822 is divided by 2196.
2
What is the remainder when 3877528 is divided by 103?
93
Calculate the remainder when 1987901 is divided by 1392.
125
What is the remainder when 235698 is divided by 117823?
52
What is the remainder when 2717230 is divided by 165?
10
Calculate the remainder when 894060 is divided by 865.
515
What is the remainder when 3943656 is divided by 2528?
2504
What is the remainder when 182528 is divided by 18252?
8
Calculate the remainder when 438 is divided by 34.
30
What is the remainder when 72556 is divided by 1083?
1078
Calculate the remainder when 192615 is divided by 11311.
328
What is the remainder when 6373583 is divided by 4479?
4445
Calculate the remainder when 7404 is divided by 4318.
3086
What is the remainder when 2786885759 is divided by 120?
119
What is the remainder when 1417929 is divided by 4377?
4158
Calculate the remainder when 3918474 is divided by 104.
66
What is the remainder when 170936 is divided by 37?
33
What is the remainder when 2503 is divided by 891?
721
What is the remainder when 23680007 is divided by 296000?
7
What is the remainder when 18137 is divided by 2666?
2141
Calculate the remainder when 65881903 is divided by 77417.
36
What is the remainder when 15440793 is divided by 2381?
8
What is the remainder when 8387751 is divided by 1375?
251
What is the remainder when 9083898 is divided by 568?
442
What is the remainder when 40077 is divided by 12538?
2463
What is the remainder when 485966 is divided by 161983?
17
Calculate the remainder when 70284373 is divided by 4034.
4025
Calculate the remainder when 1372314 is divided by 456919.
1557
Calculate the remainder when 21006 is divided by 20752.
254
What is the remainder when 302688936 is divided by 10?
6
What is the remainder when 26508 is divided by 13186?
136
Calculate the remainder when 13044506 is divided by 1087041.
14
What is the remainder when 548174 is divided by 17?
9
What is the remainder when 1685131 is divided by 182?
175
Calculate the remainder when 277526 is divided by 457.
127
Calculate the remainder when 10115546 is divided by 5057753.
40
Calculate the remainder when 335132 is divided by 335121.
11
What is the remainder when 754985 is divided by 83857?
272
Calculate the remainder when 12267534 is divided by 35.
34
What is the remainder when 36400 is divided by 6007?
358
Calculate the remainder when 394640 is divided by 131454.
278
Calculate the remainder when 27519 is divided by 1629.
1455
What is the remainder when 2876362 is divided by 1438181?
0
What is the remainder when 48662205 is divided by 119?
11
Calculate the remainder when 1605112 is divided by 480.
472
Calculate the remainder when 5396796 is divided by 421.
418
What is the remainder when 10437677 is divided by 227?
217
Calculate the remainder when 5788901 is divided by 246.
29
Calculate the remainder when 554873 is divided by 190.
73
What is the remainder when 10761599 is divided by 269?
254
What is the remainder when 252461 is divided by 402?
5
Calculate the remainder when 60893271 is divided by 1276.
1275
What is the remainder when 131204 is divided by 81?
65
Calculate the remainder when 3435447 is divided by 4255.
1662
What is the remainder when 89491 is divided by 1179?
1066
What is the remainder when 5367147 is divided by 7444?
23
What is the remainder when 29981 is divided by 29402?
579
Calculate the remainder when 6847201 is divided by 41751.
37
What is the remainder when 2384818 is divided by 382?
374
What is the remainder when 6459798 is divided by 807474?
6
What is the remainder when 767803 is divided by 9597?
43
What is the remainder when 32442 is divided by 16047?
348
Calculate the remainder when 1389216 is divided by 425.
316
What is the remainder when 1859191 is divided by 37?
15
Calculate the remainder when 1109360 is divided by 1852.
12
What is the remainder when 194234 is divided by 1226?
526
What is the remainder when 39663460 is divided by 1718?
1712
Calcula